{"id":892,"date":"2018-08-29T19:43:29","date_gmt":"2018-08-29T22:43:29","guid":{"rendered":"https:\/\/ctresarroyos-bue.infd.edu.ar\/sitio\/plan-de-estudios-7\/"},"modified":"2021-03-04T16:10:25","modified_gmt":"2021-03-04T19:10:25","slug":"plan-de-estudios-7","status":"publish","type":"page","link":"https:\/\/ctresarroyos-bue.infd.edu.ar\/sitio\/plan-de-estudios-7\/","title":{"rendered":"Plan de Estudios"},"content":{"rendered":"<p>&nbsp;<\/p>\n<table border=\"1\" width=\"100%\" cellspacing=\"0\" cellpadding=\"0\">\n<tbody>\n<tr>\n<td style=\"background-color: #ccffff;\">\n<p align=\"center\"><strong><span style=\"color: #0066ff; font-family: times new roman,times; font-size: small;\">FORMACI\u00d3N B\u00c1SICA\u00a0\u00a0INSTRUMENTO M\u00daSICA POPULAR<\/span><\/strong><\/p>\n<p align=\"center\"><strong><span style=\"font-family: times new roman,times;\"><span style=\"color: #0066ff;\"><span style=\"font-size: xx-small;\">PLAN 13.231\/99<\/span><br \/>\n<\/span><\/span><\/strong><\/p>\n<\/td>\n<\/tr>\n<\/tbody>\n<\/table>\n<p><span style=\"font-family: arial,helvetica,sans-serif; font-size: xx-small;\">Los requisitos de ingreso: ESB aprobada y edad m\u00ednima 14 a\u00f1os<\/span><\/p>\n<p><span style=\"font-family: arial,helvetica,sans-serif; font-size: xx-small;\">Las cursadas son anuales y las acrditaciones por esamen final (EF) o promoci\u00f3n directa (PD) con el 80% de asistencia.<\/span><\/p>\n<div align=\"center\">\n<p>&nbsp;<\/p>\n<p>&nbsp;<\/p>\n<table border=\"1\" width=\"100%\" cellspacing=\"0\" cellpadding=\"0\">\n<tbody>\n<tr style=\"background-color: #ccffff;\">\n<td style=\"width: 64%;\">\n<p align=\"center\"><span style=\"font-family: times new roman,times;\"><span style=\"font-size: small;\"><strong><span style=\"color: #0066ff;\">Primer a\u00f1o\u00a0<\/span><\/strong><br \/>\n<\/span><\/span><\/p>\n<\/td>\n<td style=\"width: 12%;\">\n<p align=\"center\"><span style=\"font-family: times new roman,times;\"><span style=\"font-size: xx-small;\"><span style=\"color: #0066ff;\"><strong>\u00a0Anual<\/strong><br \/>\n<\/span><\/span><\/span><\/p>\n<\/td>\n<td style=\"width: 12%;\">\n<p align=\"center\"><span style=\"font-family: times new roman,times;\"><span style=\"font-size: xx-small;\"><span style=\"color: #0066ff;\"><strong>EF<\/strong><br \/>\n<\/span><\/span><\/span><\/p>\n<\/td>\n<td style=\"width: 12%;\">\n<p align=\"center\"><span style=\"font-family: times new roman,times;\"><span style=\"font-size: xx-small;\"><span style=\"color: #0066ff;\"><strong>PD<\/strong><br \/>\n<\/span><\/span><\/span><\/p>\n<\/td>\n<\/tr>\n<tr>\n<td style=\"width: 64%;\">\n<p align=\"center\"><span style=\"font-family: andale mono,times; font-size: xx-small;\">Instrumento I<\/span><\/p>\n<\/td>\n<td style=\"width: 12%;\">\n<p align=\"center\">\u00a0\u2022<\/p>\n<\/td>\n<td style=\"width: 12%;\">\n<p align=\"center\">\u00a0x<\/p>\n<\/td>\n<td style=\"width: 12%;\"><\/td>\n<\/tr>\n<tr>\n<td style=\"width: 64%;\">\n<p align=\"center\">\u00a0<span style=\"font-family: andale mono,times; font-size: xx-small;\">Lenguaje Musical Nivel I (m\u00f3dulo 1 y 2)<\/span><\/p>\n<\/td>\n<td style=\"width: 12%;\">\n<p align=\"center\">\u00a0\u2022<\/p>\n<\/td>\n<td style=\"width: 12%;\">\n<p align=\"center\">x<\/p>\n<\/td>\n<td style=\"width: 12%;\"><\/td>\n<\/tr>\n<tr style=\"background-color: #ccffff;\">\n<td style=\"width: 64%;\">\n<p align=\"center\"><span style=\"color: #0066ff;\"><span style=\"font-family: times new roman,times;\"><span style=\"font-size: xx-small;\"><strong><span style=\"font-size: small;\">Segundo a\u00f1o<\/span><\/strong><br \/>\n<\/span><\/span><\/span><\/p>\n<\/td>\n<td style=\"width: 12%;\">\n<p align=\"center\"><span style=\"color: #0066ff;\"><span style=\"font-family: times new roman,times;\"><span style=\"font-size: xx-small;\"><strong>Anual<\/strong><br \/>\n<\/span><\/span><\/span><\/p>\n<\/td>\n<td style=\"width: 12%;\">\n<p align=\"center\"><span style=\"color: #0066ff;\"><span style=\"font-family: times new roman,times;\"><span style=\"font-size: xx-small;\"><strong>EF<\/strong><br \/>\n<\/span><\/span><\/span><\/p>\n<\/td>\n<td style=\"width: 12%;\">\n<p align=\"center\"><span style=\"color: #0066ff;\"><span style=\"font-family: times new roman,times;\"><span style=\"font-size: xx-small;\"><strong>PD<\/strong><br \/>\n<\/span><\/span><\/span><\/p>\n<\/td>\n<\/tr>\n<tr>\n<td style=\"width: 64%;\">\n<p align=\"center\"><span style=\"font-size: xx-small;\">Instrumento II<\/span><\/p>\n<\/td>\n<td style=\"width: 12%;\">\n<p align=\"center\">\u00a0\u2022<\/p>\n<\/td>\n<td style=\"width: 12%;\">\n<p align=\"center\">x<\/p>\n<\/td>\n<td style=\"width: 12%;\"><\/td>\n<\/tr>\n<tr>\n<td style=\"width: 64%;\">\n<p align=\"center\">\u00a0\u00a0\u00a0\u00a0\u00a0\u00a0\u00a0\u00a0\u00a0 <span style=\"font-size: xx-small;\">Lenguaje Musical Nivel II (m\u00f3dulo 3 y 4)<\/span><\/p>\n<\/td>\n<td style=\"width: 12%;\">\n<p align=\"center\">\u00a0\u2022<\/p>\n<\/td>\n<td style=\"width: 12%;\">\n<p align=\"center\">x<\/p>\n<\/td>\n<td style=\"width: 12%;\"><\/td>\n<\/tr>\n<tr>\n<td style=\"width: 64%;\">\n<p align=\"center\">\u00a0<span style=\"font-size: xx-small;\">Pr\u00e1ctica Coral<br \/>\n<\/span><\/p>\n<\/td>\n<td style=\"width: 12%;\">\n<p align=\"center\">\u00a0\u2022<\/p>\n<\/td>\n<td style=\"width: 12%;\"><\/td>\n<td style=\"width: 12%;\">\n<p align=\"center\">x<\/p>\n<\/td>\n<\/tr>\n<tr>\n<td style=\"width: 64%;\">\n<p align=\"center\">\u00a0<span style=\"font-size: xx-small;\">Pr\u00e1ctica de Conjunto Vocal e Instrumental I<\/span><\/p>\n<\/td>\n<td style=\"width: 12%;\">\n<p align=\"center\">\u00a0\u2022<\/p>\n<\/td>\n<td style=\"width: 12%;\"><\/td>\n<td style=\"width: 12%;\">\n<p align=\"center\">x<\/p>\n<\/td>\n<\/tr>\n<tr>\n<td style=\"width: 64%;\">\u00a0\u00a0\u00a0\u00a0\u00a0\u00a0\u00a0\u00a0\u00a0\u00a0\u00a0\u00a0\u00a0\u00a0\u00a0\u00a0\u00a0\u00a0\u00a0\u00a0\u00a0\u00a0\u00a0\u00a0\u00a0 <span style=\"font-size: xx-small;\">Apreciaci\u00f3n Musical I<\/span><\/td>\n<td style=\"width: 12%;\">\n<p align=\"center\">\u00a0\u2022<\/p>\n<\/td>\n<td style=\"width: 12%;\"><\/td>\n<td style=\"width: 12%;\">\n<p align=\"center\">x<\/p>\n<\/td>\n<\/tr>\n<tr style=\"background-color: #ccffff;\">\n<td style=\"width: 64%;\">\n<p align=\"center\"><span style=\"color: #0066ff; font-family: times new roman,times; font-size: xx-small;\"><span style=\"font-size: small;\"><strong>Tercer A\u00f1o<\/strong><\/span><br \/>\n<\/span><\/p>\n<\/td>\n<td style=\"width: 12%;\">\n<p align=\"center\"><span style=\"color: #0066ff;\"><span style=\"font-family: times new roman,times;\"><span style=\"font-size: xx-small;\"><strong>Anual<\/strong><br \/>\n<\/span><\/span><\/span><\/p>\n<\/td>\n<td style=\"width: 12%;\">\n<p align=\"center\"><span style=\"color: #0066ff;\"><span style=\"font-family: times new roman,times;\"><span style=\"font-size: xx-small;\"><strong>EF<\/strong><br \/>\n<\/span><\/span><\/span><\/p>\n<\/td>\n<td style=\"width: 12%;\">\n<p align=\"center\"><span style=\"color: #0066ff;\"><span style=\"font-family: times new roman,times;\"><span style=\"font-size: xx-small;\"><strong>PD<\/strong><br \/>\n<\/span><\/span><\/span><\/p>\n<\/td>\n<\/tr>\n<tr>\n<td style=\"width: 64%;\">\n<p align=\"center\"><span style=\"font-size: xx-small;\">Instrumento \u00a0III<\/span><\/p>\n<\/td>\n<td style=\"width: 12%;\">\n<p align=\"center\"><span style=\"font-size: xx-small;\">\u00a0 \u2022<\/span><\/p>\n<\/td>\n<td style=\"width: 12%;\">\n<p align=\"center\">x<\/p>\n<\/td>\n<td style=\"width: 12%;\"><\/td>\n<\/tr>\n<tr>\n<td style=\"width: 64%;\">\n<p align=\"center\"><span style=\"font-size: xx-small;\">\u00a0\u00a0\u00a0\u00a0\u00a0\u00a0\u00a0\u00a0 Lenguaje Musical Nivel III \u00a0(m\u00f3dulo 5 y 6)<\/span><\/p>\n<\/td>\n<td style=\"width: 12%;\">\n<p align=\"center\">\u00a0<span style=\"font-size: xx-small;\">\u00a0\u2022<\/span><\/p>\n<\/td>\n<td style=\"width: 12%;\">\n<p align=\"center\">x<\/p>\n<\/td>\n<td style=\"width: 12%;\"><\/td>\n<\/tr>\n<tr>\n<td style=\"width: 64%;\">\n<p align=\"center\">\u00a0<span style=\"font-size: xx-small;\">Instrumento Arm\u00f3nico <\/span><\/p>\n<\/td>\n<td style=\"width: 12%;\">\n<p align=\"center\">\u00a0<span style=\"font-size: xx-small;\">\u00a0\u2022<\/span><\/p>\n<\/td>\n<td style=\"width: 12%;\">\n<p align=\"center\">\n<\/td>\n<td style=\"width: 12%;\">\n<p align=\"center\"><span style=\"font-size: xx-small;\">\u00a0x\u00a0<\/span><\/p>\n<\/td>\n<\/tr>\n<tr>\n<td style=\"width: 64%;\">\n<p align=\"center\">\u00a0<span style=\"font-size: xx-small;\">Pr\u00e1ctica de Conjunto Vocal e Instrumental II<\/span><\/p>\n<\/td>\n<td style=\"width: 12%;\">\n<p align=\"center\">\u00a0<span style=\"font-size: xx-small;\">\u00a0\u2022<\/span><\/p>\n<\/td>\n<td style=\"width: 12%;\"><\/td>\n<td style=\"width: 12%;\">\n<p align=\"center\">\u00a0x<\/p>\n<\/td>\n<\/tr>\n<tr>\n<td style=\"width: 64%;\">\n<p align=\"center\"><span style=\"font-size: xx-small;\">Apreciaci\u00f3n Musical del Lenguaje del Jazz<\/span><\/p>\n<\/td>\n<td style=\"width: 12%;\">\n<p align=\"center\">\u00a0<span style=\"font-size: xx-small;\">\u00a0\u2022<\/span><\/p>\n<\/td>\n<td style=\"width: 12%;\"><\/td>\n<td style=\"width: 12%;\">\n<p align=\"center\">\u00a0x<\/p>\n<\/td>\n<\/tr>\n<tr>\n<td>\n<p align=\"center\"><span style=\"font-size: xx-small;\">Apreciaci\u00f3n Musical del Lenguaje del\u00a0Tango<\/span><\/p>\n<\/td>\n<td>\n<p align=\"center\"><span style=\"font-size: xx-small;\">\u00a0 \u2022<\/span><\/p>\n<\/td>\n<td><\/td>\n<td>\n<p align=\"center\"><span style=\"font-size: xx-small;\">\u00a0x<\/span><\/p>\n<\/td>\n<\/tr>\n<tr>\n<td>\n<p align=\"center\">\u00a0<span style=\"font-size: xx-small;\">Apreciaci\u00f3n Musical del Lenguaje del Folklore<\/span><\/p>\n<\/td>\n<td>\n<p align=\"center\">\u00a0 <span style=\"font-size: xx-small;\">\u2022<\/span><\/p>\n<\/td>\n<td><\/td>\n<td>\n<p align=\"center\"><span style=\"font-size: xx-small;\">\u00a0x<\/span><\/p>\n<\/td>\n<\/tr>\n<\/tbody>\n<\/table>\n<\/div>\n<p>&nbsp;<\/p>\n<p><strong>MATERIAS\u00a0 Y CORRELATIVIDADES<\/strong><\/p>\n<p><strong>\u00a0<\/strong><\/p>\n<p>1er Nivel<\/p>\n<table>\n<tbody>\n<tr>\n<td width=\"57\">N\u00b0<\/td>\n<td width=\"177\">Materias<\/td>\n<\/tr>\n<tr>\n<td width=\"57\">1<\/td>\n<td width=\"177\">Lenguaje Musical Nivel I<\/p>\n<p>(Modulos 1 y 2)<\/td>\n<\/tr>\n<tr>\n<td width=\"57\">2<\/td>\n<td width=\"177\">Instrumento Nivel I<\/p>\n<p>(Modulos 1 y 2)<\/td>\n<\/tr>\n<\/tbody>\n<\/table>\n<p>&nbsp;<\/p>\n<p>2do Nivel<\/p>\n<table>\n<tbody>\n<tr>\n<td width=\"57\">N\u00b0<\/td>\n<td width=\"177\">Materias<\/td>\n<td width=\"218\">Requisitos para Cursar: Tener Acreditado al inicio del ciclo lectivo o hasta Agosto (condicional)<\/td>\n<\/tr>\n<tr>\n<td width=\"57\">3<\/td>\n<td width=\"177\">Instrumento Nivel II (Modulos 3 y 4)<\/td>\n<td width=\"218\">Instrumento Nivel I<\/p>\n<p>(Modulos 1 y 2)<\/p>\n<p>Lenguaje Musical Nivel I<\/p>\n<p>(Modulos 1 y 2)<\/p>\n<p>&nbsp;<\/td>\n<\/tr>\n<tr>\n<td width=\"57\">4<\/td>\n<td width=\"177\">Pr\u00e1ctica de Conjunto Vocal e Instrumental I<\/td>\n<td width=\"218\">Instrumento Nivel I<\/p>\n<p>(Modulos 1 )<\/p>\n<p>Lenguaje Musical Nivel I<\/p>\n<p>(Modulos 1 y 2)<\/p>\n<p>&nbsp;<\/td>\n<\/tr>\n<tr>\n<td width=\"57\">5<\/td>\n<td width=\"177\">Practica Coral<\/td>\n<td width=\"218\">Lenguaje Musical Nivel I<\/p>\n<p>(Modulos 1 y 2)<\/td>\n<\/tr>\n<tr>\n<td width=\"57\">6<\/td>\n<td width=\"177\">Lenguaje Musical Nivel II (Modulos 3 y 4)<\/td>\n<td width=\"218\">Lenguaje Musical Nivel I<\/p>\n<p>(Modulos 1 y 2)<\/td>\n<\/tr>\n<tr>\n<td width=\"57\">7<\/td>\n<td width=\"177\">Apreciaci\u00f3n Musical I<\/td>\n<td width=\"218\">Instrumento Nivel I<\/p>\n<p>(Modulos 1 y 2)<\/p>\n<p>Lenguaje Musical Nivel I<\/p>\n<p>(Modulos 1 y 2)<\/p>\n<p>&nbsp;<\/td>\n<\/tr>\n<\/tbody>\n<\/table>\n<p>&nbsp;<\/p>\n<p>3er Nivel<\/p>\n<table>\n<tbody>\n<tr>\n<td width=\"43\"><\/td>\n<td width=\"195\">Materias<\/td>\n<td width=\"218\">Requisitos para Cursar: Tener Acreditado al inicio del ciclo lectivo o hasta Agosto (condicional)<\/td>\n<\/tr>\n<tr>\n<td width=\"43\">8<\/td>\n<td width=\"195\">Instrumento Nivel III (M\u00f3dulos 5 y 6)<\/td>\n<td width=\"218\">Instrumento Nivel II (M\u00f3dulo 3-4)<\/p>\n<p>Lenguaje Musical Nivel II (M\u00f3dulo 3-4)<\/td>\n<\/tr>\n<tr>\n<td width=\"43\">9<\/td>\n<td width=\"195\">Instrumento Arm\u00f3nico<\/td>\n<td width=\"218\">Lenguaje Musical Nivel II (M\u00f3dulos 3\u20134)<\/td>\n<\/tr>\n<tr>\n<td width=\"43\">10<\/td>\n<td width=\"195\">Pr\u00e1ctica de Conjunto Vocal e Instrumental II<\/td>\n<td width=\"218\">Lenguaje Musical Nivel II (M\u00f3dulos 3\u20134)<\/td>\n<\/tr>\n<tr>\n<td width=\"43\">11<\/td>\n<td width=\"195\">Lenguaje Musical Nivel III (M\u00f3dulos 5 y 6)<\/td>\n<td width=\"218\">\u00a0Lenguaje Musical Nivel II (M\u00f3dulo 3-4)<\/td>\n<\/tr>\n<tr>\n<td width=\"43\">12<\/td>\n<td width=\"195\">Apreciaci\u00f3n Musical del Lenguaje del Jazz<\/td>\n<td width=\"218\">Apreciaci\u00f3n Musical I Instrumento Nivel II (M\u00f3dulo 3-4) Lenguaje Musical Nivel II (M\u00f3dulo 3-4<\/td>\n<\/tr>\n<tr>\n<td width=\"43\">13<\/td>\n<td width=\"195\">Apreciaci\u00f3n Musical del Lenguaje del Folklore<\/td>\n<td width=\"218\">Apreciaci\u00f3n Musical I Instrumento Nivel II (M\u00f3dulo 3-4) Lenguaje Musical Nivel II (M\u00f3dulo 3-4<\/td>\n<\/tr>\n<tr>\n<td width=\"43\">14<\/td>\n<td width=\"195\">Apreciaci\u00f3n Musical del Lenguaje del Tango<\/td>\n<td width=\"218\">Apreciaci\u00f3n Musical I Instrumento Nivel II (M\u00f3dulo 3-4) Lenguaje Musical Nivel II (M\u00f3dulo 3-4<\/td>\n<\/tr>\n<\/tbody>\n<\/table>\n<p>&nbsp;<\/p>\n<p>&nbsp;<\/p>\n","protected":false},"excerpt":{"rendered":"<p>&nbsp; FORMACI\u00d3N B\u00c1SICA\u00a0\u00a0INSTRUMENTO M\u00daSICA POPULAR PLAN 13.231\/99 Los requisitos de ingreso: ESB aprobada y edad m\u00ednima 14 a\u00f1os Las cursadas son anuales y las acrditaciones por esamen final (EF) o promoci\u00f3n directa (PD) con el 80% de asistencia. &nbsp; &nbsp; Primer a\u00f1o\u00a0 \u00a0Anual EF PD Instrumento I \u00a0\u2022 \u00a0x \u00a0Lenguaje Musical Nivel I (m\u00f3dulo 1 &#8230; <a title=\"Plan de Estudios\" class=\"read-more\" href=\"https:\/\/ctresarroyos-bue.infd.edu.ar\/sitio\/plan-de-estudios-7\/\" aria-label=\"More on Plan de Estudios\">[+]<\/a><\/p>\n","protected":false},"author":81,"featured_media":0,"parent":0,"menu_order":0,"comment_status":"closed","ping_status":"closed","template":"","meta":[],"acf":[],"_links":{"self":[{"href":"https:\/\/ctresarroyos-bue.infd.edu.ar\/sitio\/wp-json\/wp\/v2\/pages\/892"}],"collection":[{"href":"https:\/\/ctresarroyos-bue.infd.edu.ar\/sitio\/wp-json\/wp\/v2\/pages"}],"about":[{"href":"https:\/\/ctresarroyos-bue.infd.edu.ar\/sitio\/wp-json\/wp\/v2\/types\/page"}],"author":[{"embeddable":true,"href":"https:\/\/ctresarroyos-bue.infd.edu.ar\/sitio\/wp-json\/wp\/v2\/users\/81"}],"replies":[{"embeddable":true,"href":"https:\/\/ctresarroyos-bue.infd.edu.ar\/sitio\/wp-json\/wp\/v2\/comments?post=892"}],"version-history":[{"count":2,"href":"https:\/\/ctresarroyos-bue.infd.edu.ar\/sitio\/wp-json\/wp\/v2\/pages\/892\/revisions"}],"predecessor-version":[{"id":981,"href":"https:\/\/ctresarroyos-bue.infd.edu.ar\/sitio\/wp-json\/wp\/v2\/pages\/892\/revisions\/981"}],"wp:attachment":[{"href":"https:\/\/ctresarroyos-bue.infd.edu.ar\/sitio\/wp-json\/wp\/v2\/media?parent=892"}],"curies":[{"name":"wp","href":"https:\/\/api.w.org\/{rel}","templated":true}]}}